 be q*11/2*-1. Let u be (-125 - -917)*(-5)/(-40). What is the highest common divisor of u and c?
11
Let o(r) = 41*r - 84. Let i be o(20). Suppose 28*n - 24*n = i. What is the greatest common factor of 16 and n?
8
Suppose 249*v - 218*v = 43896. What is the greatest common factor of v and 1298?
118
Let r(u) = u**3 + 9*u**2 - 2*u + 3. Let w be r(-7). Suppose -4858 - 1105 = -138*f + 385. What is the highest common divisor of w and f?
23
Let t(w) = 120*w - 2. Let r(s) = -118*s + 4. Let m(o) = 6*r(o) + 5*t(o). Let z be m(-2). Calculate the highest common divisor of 92 and z.
46
Suppose 4*s + 3*y - 10338 = 0, -s = 4*y - 7*y - 2562. Calculate the highest common divisor of 120 and s.
60
Let l = 1501 + -1347. What is the greatest common divisor of l and 70?
14
Let w = 379 + 296. What is the greatest common factor of w and 54?
27
Suppose -l = -4*j + 139, 0 = 2*j - 4*l - 11 - 55. Let c = -590 + 730. What is the highest common divisor of j and c?
35
Let c = -385 + 515. Calculate the greatest common divisor of c and 3146.
26
Suppose -2*q - 624 = -3*g + 926, -2*g - 2*q = -1030. What is the highest common divisor of 48 and g?
12
Let z be (1 + (-7)/(-3))*9. Let k be (-1)/(-6) - (-1975)/z. Let v be (-1 + -3 - -4) + k. What is the highest common factor of v and 22?
22
Suppose 4*i - 778 = 2186. Suppose -12*w + 435 = -i. What is the greatest common divisor of w and 147?
49
Let n(v) = 3*v - 3. Let m be n(6). Let z be 2/5*95/342*45. Suppose 6*h - z*s - 480 = 2*h, -5*h + 600 = 4*s. Calculate the highest common divisor of h and m.
15
Let z be 3/15 + (-28)/140. Suppose z = -4*r + 126 + 102. What is the highest common factor of r and 152?
19
Suppose 0 = -2*v + 4 + 2. Let t be 88/(7/2 - v). Suppose -1839*i - 224 = -1853*i. What is the greatest common factor of i and t?
16
Let m(q) = q**2 + 8*q - q - 8*q - q**3 + 5. Let a be m(0). Calculate the greatest common factor of a and 85.
5
Suppose o + o + 34*o = 0. Let v be (-1110)/925*-1*(5 - o). Calculate the highest common divisor of 9 and v.
3
Suppose 4*d = 4*x + 3552, 0 = 5*x - 5*d + 7*d + 4475. Let q = x + 1273. Calculate the highest common divisor of q and 19.
19
Let g(i) = -i**2 - 37*i - 56. Let a be g(-16). What is the highest common factor of 217 and a?
7
Let p(s) = -2*s**3 + 41*s**2 + 8*s - 5. Let t be p(-7). Calculate the highest common factor of 36 and t.
6
Let h(z) = -12*z**3 + 2*z**2 + 35*z + 34. Let r(g) = g**2 + g - 57. Let d be r(7). Let f be h(d). What is the greatest common factor of 7 and f?
1
Let w be 2440/(-15) + 3 + 1/(-3). Let t = w + 127. Let o = t - -60. What is the greatest common divisor of 297 and o?
27
Let f be -1 + 1 - (-7 - (-33)/3). Let n be 855*(f/(-22) - 36/(-165)). Calculate the highest common factor of 18 and n.
18
Suppose -354 = -2*z - 4*j + 2392, -10 = -2*j. Suppose 2*k + 2*k - z = -5*i, 3*k + 5*i - 1021 = 0. Calculate the highest common divisor of 76 and k.
38
Suppose 143*a = 144*a - 1344. What is the highest common factor of 7 and a?
7
Let i(t) = -2*t + 141. Let v be i(13). Suppose l + 4*p = 88, -3*l - 4*p + 0*p + 272 = 0. Calculate the highest common divisor of v and l.
23
Let w = 423 + -63. Suppose -488*o + 24003 = -46269. Calculate the highest common divisor of w and o.
72
Let z be (-2751)/((-11)/((-220)/(-30))). What is the greatest common divisor of 42 and z?
14
Suppose -3*q + 38*t + 238 = 34*t, -q - 2*t + 86 = 0. Suppose 91 = q*w - 73. Let n = 84 - 46. What is the greatest common factor of w and n?
2
Let d = -32640 + 33991. Calculate the greatest common factor of 182 and d.
7
Suppose g - 4 = -g. Suppose g*r + d + 3*d - 100 = 0, 3*d = -r + 53. Let y = 80 - r. Calculate the greatest common factor of y and 54.
18
Let o(g) = 6*g**2 - 2*g - 1. Let w = -26 - -31. Suppose k = w*d + 7, 2*d + 2*k + 12 = -d. Let s be o(d). What is the highest common divisor of s and 108?
27
Suppose 7*d = d - 690. Let l = -47 + -58. Let p be d/(-3) + l/(-63). Calculate the greatest common factor of 32 and p.
8
Let a = -13058 - -13068. What is the highest common divisor of a and 970?
10
Suppose 2*v - 8*v = -2*v. Let d(r) = 2*r + 249. Let c be d(v). Suppose -2*j = 4*q - 804, q + 5*j + 39 - c = 0. Calculate the greatest common factor of 80 and q.
40
Suppose 0 = 4*j + 5*t - 1907, t - 618 = 4*j - 2507. What is the greatest common factor of 387 and j?
43
Let j(y) = -6*y + 16. Let t be j(-10). Let g(w) = -t*w + 102 + 79 - 200. Let b be g(-3). What is the highest common divisor of 19 and b?
19
Let s(q) = 87*q + 593. Let o be s(-4). What is the highest common divisor of o and 28?
7
Suppose -4*y = -133*y - 2*y + 6288. What is the highest common factor of 54 and y?
6
Suppose -3*s = -2*t + 27, -2*t + 17 = 6*s - 11*s. What is the greatest common divisor of 8071 and t?
7
Suppose -1995*l = -2000*l + 2465. Calculate the highest common factor of l and 51.
17
Suppose 10171 = 24*x - 51437. Calculate the greatest common divisor of x and 68.
17
Let t be 2 + (-2)/(-1) + 0. Let w = 38 - t. Suppose 833 = 183*r - 2367 - 3022. Calculate the highest common divisor of w and r.
34
Let v be (-3 - 0) + (48 - (-1 - 2)). Suppose -16*n = 2*n - 108. What is the highest common divisor of v and n?
6
Let y(f) = 23*f**2 - 5*f + 1. Let k be y(5). Let x(c) = 162*c - 2878. Let l be x(18). What is the highest common divisor of l and k?
19
Let k be (-6)/(-13)*(-27 + 170). What is the greatest common divisor of 429 and k?
33
Suppose 231*v - 5*c + 85 = 236*v, -32 = 4*c. Let d(r) = 7*r**2 - r - 1. Let u be d(-3). What is the highest common factor of v and u?
5
Let h = -31627 - -45919. What is the highest common factor of h and 72?
36
Suppose -2*i - 3*t + 111 = 0, -4*t - 79 = -2*i + 53. Suppose 2*f = r - 128 + 114, 2*f = 5*r - 94. What is the greatest common factor of r and i?
20
Suppose -5*k = -30, 6*u - 43*k - 4728 = -46*k. What is the highest common divisor of u and 314?
157
Suppose 1704 + 7511 = -19*s. Let w = -295 - s. Calculate the greatest common factor of 10 and w.
10
Suppose 2*m - 3*h = 266, -627 = -5*m - 5*h + 3*h. Let o = 142 - m. What is the highest common divisor of o and 240?
15
Let z be (24/(-56) - -15) + 8/(-14). Let p be 504/6*(-2 - -3). Let m = -28 + p. What is the highest common factor of m and z?
14
Let w be 74 + 2 + 0 + -1. Let z be 15 + (1 - (0 - -3)). Suppose z*p - 9*p - 98 = -3*u, u = 3*p + 24. What is the highest common divisor of u and w?
15
Suppose -45141 = m - 3*n, -5*m - 87174 - 138555 = -3*n. Let l be (m/298)/((-1)/2 - 0). What is the highest common factor of l and 3?
3
Suppose 7*c - 513 - 565 = 0. Suppose -4*f - 3*l - 908 = 0, l + 382 = -f + c. Let g = 314 + f. Calculate the highest common divisor of 10 and g.
10
Suppose 88*h - 14*h - 2*h - 66096 = 0. Calculate the greatest common divisor of 170 and h.
34
Let k be 8/(1/(-6)*-4). Let n(p) = -5*p + 21. Let v(y) = 15*y - 64. Let i(s) = 8*n(s) + 3*v(s). Let a be i(6). Calculate the highest common factor of a and k.
6
Let x = -439 + 669. Let f be 7/(-1) + (-527)/(-31). What is the highest common divisor of f and x?
10
Suppose 4*o = 2 + 14. Suppose 3*f - 44 = -o*b, -2*b + 2 = -2*f + f. Let d be 3 - 2 - (-213)/3. What is the greatest common divisor of d and f?
8
Suppose 5*s = -o + 53, 2*o + 4*s - 65 = 11. Suppose 0 = -f + 2. Suppose -n - 1 = f, 4*l - 34 = 2*n. What is the greatest common factor of o and l?
7
Let s(a) = -130*a + 23. Let i be s(-3). Let b = i + -367. Calculate the highest common divisor of b and 207.
23
Let v be 784/78 + (-10)/195. Calculate the highest common divisor of 18220 and v.
10
Let g = -1676 + 2316. Calculate the highest common factor of g and 10112.
128
Let h be (-2)/8*(16 - 252). Let g = 65 - h. Let q = 109 + -55. What is the highest common factor of q and g?
6
Let r(o) = -o**3 - 9*o**2 - 13*o + 10. Let f be r(-7). Suppose -6*y - 24 = -f*x - 2*y, 4*y = x - 16. What is the highest common divisor of 76 and x?
4
Suppose 7*i + 4*n - 4696 = 3*i, 5*i + 2*n = 5882. Let v(d) = -d**3 - 18*d**2 - 7*d - 64. Let a be v(-18). What is the greatest common factor of i and a?
62
Let k = 125 - 123. Suppose 0*n + 2*h - 172 = -5*n, 136 = 4*n + k*h. What is the greatest common divisor of 12 and n?
12
Let j(c) = -c**3 + 18*c**2 + 21*c - 45. Let w be j(19). Let o be w + 89 - (-4 + -1). Calculate the highest common divisor of o and 58.
29
Suppose 116*x = 93*x + 9108. Calculate